86*a - 87*a = o - 16645, -3*a - 5*o = -49937. What are the prime factors of a?
2, 3, 19, 73
Suppose -3*k + 8 + 61 = 0. Suppose 0 = -11*n + k*n - 4992. What are the prime factors of n?
2, 13
Let n be ((-55)/11 - (-22)/4)*44. Suppose -n*w + 7*w = -11385. List the prime factors of w.
3, 11, 23
Let n(o) = -o**3 + 21*o**2 - 5*o + 37. Let t be n(21). Let f = 104 + t. What are the prime factors of f?
2, 3
Suppose 2*n + 50 = 4*z, 3*z = 4*n + 32 - 2. Suppose -z*k - 40 = -4*k. What are the prime factors of ((-18)/15)/(k/180)?
2, 3
Let s(q) = 31*q**2 + 3*q + 3. Suppose -5 = 5*j + 5. Let b be s(j). Let u = b - -76. What are the prime factors of u?
197
Let x(g) = -g**2 - 3*g + 5. Let b be x(-10). Let o be (-286)/b - (-6)/10. What are the prime factors of (-12)/(-30) + 113/o?
23
What are the prime factors of (-45)/(-300)*312*(-2 - 339/(-2))?
3, 13, 67
List the prime factors of (-4 - -18)/((-32)/16) - -18084.
18077
Let p = -9102 + 12928. Suppose p = 16*a - 7278. What are the prime factors of a?
2, 347
Let w(y) = 58*y - 60. Suppose 99 + 93 = -4*b. Let h = b - -54. What are the prime factors of w(h)?
2, 3
Suppose -5*h + 4*h - 440 = -t, 0 = -5*h + t - 2220. Let x = h + 1359. What are the prime factors of x?
2, 457
Let v(o) = -o**3 + 18*o**2 - 16*o - 81. Let r be v(20). Let c = -728 - r. List the prime factors of c.
11, 43
Let k = -18699 - -22261. List the prime factors of k.
2, 13, 137
Let c = 2931 + -2545. List the prime factors of c.
2, 193
Let t(h) = h**3 - 17*h**2 - 35*h - 52. Let d be t(19). Suppose -m = -2*x - 310, 5*m - d*x + 1475 = 10*m. List the prime factors of m.
2, 3, 5
List the prime factors of (-2)/10*(6305 + 0)/(-1).
13, 97
Suppose -5*p = 2*v + 704, -2*p + 732 = -0*v - 2*v. What are the prime factors of (48/(-18))/(v/90 + 4)?
2, 3, 5
Let u be (-3)/(84/8)*-7. Suppose -u*l = 2, -5*l - 483 = -3*m - 2*l. Let k = -83 + m. List the prime factors of k.
7, 11
Suppose 0 = 2*r - k - 5881, -4*k = -7*r + 12*r - 14722. Suppose -3*n + r = -37. List the prime factors of n.
3, 331
Suppose 123*o - 119*o - 44030 = -3*x + 18412, -3*o = 0. List the prime factors of x.
2, 3, 3469
Suppose -4*y + 34757 = p, p - 3505 = -2*y + 13874. List the prime factors of y.
8689
What are the prime factors of 58/319 - 251408/(-44)?
2, 2857
Let t(j) = -j**3 + 21*j**2 - 13*j. Let s be t(22). List the prime factors of (s/21 + 1/(-3))*-2.
2, 37
Suppose n - 18449 = 307*o - 308*o, -3*n - o + 55347 = 0. What are the prime factors of n?
19, 971
Let s(u) = 2*u**3 + 20*u**2 - 23*u - 11. Let d be s(-11). Suppose 2*y - 2*b = 614, -2*y + 6*b - 10*b + 596 = d. What are the prime factors of y?
2, 19
Let v be (-115)/5*-2*11. Suppose 3*o - 5*o + v = 0. Suppose -o = -4*u + 219. What are the prime factors of u?
2, 59
Let k = -2311 - -18662. What are the prime factors of k?
83, 197
Let u(q) = -q**2 - 7*q - 6. Let o be u(-7). Let t(s) = 4*s**2 - 22*s + 14. What are the prime factors of t(o)?
2, 5, 29
Suppose 2*k - 36 = -3*k + 4*h, 36 = 4*k - 5*h. Suppose 3*f - 12 = 2*x, 4*f - k*x + 6*x = 2. Suppose f*m - 129 = 57. What are the prime factors of m?
3, 31
Let w(f) = -41*f**3 + 18*f**2 - 42*f + 17. List the prime factors of w(-6).
29, 337
Let j = 702 - 700. Suppose y - 351 = -2*r + 967, -6614 = -5*y + j*r. List the prime factors of y.
2, 661
Let m(f) = 498 + 117 + 16175*f - 16184*f. What are the prime factors of m(0)?
3, 5, 41
Let w(t) = 5 + t**2 + 8 + 129*t + 27 - 133*t. Suppose -5*n + 3*d = -60, 4 = 3*n - 2*n + d. What are the prime factors of w(n)?
5, 17
Suppose 3*t = j - 71, 0 = 3*j + 7*t - 11*t - 198. Suppose 90*g = 91*g - j. List the prime factors of g.
2, 31
Let z(k) = -k**2 + 2*k**2 + k + 0*k - 95 + 72. List the prime factors of z(-19).
11, 29
Suppose -4*z + 1613 = 4*b - 459, 1044 = 2*z - 2*b. Let p = z - 251. List the prime factors of p.
269
Suppose -17*p + 1817 = 3*q - 12*p, -q = 4*p - 615. Suppose 4*m - 1171 = -f, -5*f + q = 2*m - 0*f. List the prime factors of m.
2, 73
Suppose -2*u = -7*k - 35921, 0 = -3*u + 40*k - 39*k + 53929. What are the prime factors of u?
2, 89, 101
Suppose -215810 = -56*i + 1056790. What are the prime factors of i?
3, 5, 101
Let p = -612 + 1193. Suppose 2*y - 1443 + p = 0. List the prime factors of y.
431
Suppose -12 = 3*k, -2*h + 51*k = 53*k + 402. Let b = 299 + h. List the prime factors of b.
2, 3, 17
Let o(k) be the first derivative of -k**3/3 - 17*k**2/2 - 2*k - 17. Let r be o(-15). Suppose 2*h + r = a + 5*h, h + 28 = 2*a. List the prime factors of a.
2
Suppose -5*z + 18960 = 10*z. What are the prime factors of (z/(-20))/(12/(-30))?
2, 79
Let w be 1385/(-6) + (-5)/30 + 1. Let r = w - -339. What are the prime factors of r?
109
Suppose -43*s = -4*m - 38*s + 242723, -3*s - 121365 = -2*m. List the prime factors of m.
2, 3, 79
Suppose l + 4*r - 25 = -0, -49 = -4*l + r. Suppose 16*k + 12 = l*k, 2*f + 2*k - 444 = 0. What are the prime factors of f?
2, 113
Let r = -16322 - -19350. What are the prime factors of r?
2, 757
Suppose -2*n = 3*s - 620, 5*s - 3*n = -7*n + 1032. Suppose 12*h = 3788 + s. List the prime factors of h.
3, 37
Let k = -173 - -177. Suppose -k*n = -772 + 8. What are the prime factors of n?
191
Let i(g) = 2*g**2 - 9*g + 8. Let d be i(4). Let y(o) = -d - 10 - 4*o + 3. List the prime factors of y(-15).
7
Let f = -31860 - -68204. What are the prime factors of f?
2, 7, 11, 59
Let x(o) = -7*o**3 - 7*o**2 + 10*o + 267. List the prime factors of x(-14).
11, 23, 71
Suppose -c = 33 - 35. Suppose -4*h = -2*m - 2794, -4*m - 2796 = -2*h - c*h. List the prime factors of h.
2, 349
Let v(n) = -2*n**3 - 65*n**2 + 33*n + 16. Let q be v(-33). Suppose -q*u + 8302 = -2*u. List the prime factors of u.
593
Let t(m) = 80*m**2 - 153*m + 807. What are the prime factors of t(5)?
2, 1021
Suppose -1952*v = -2070*v + 4509724. List the prime factors of v.
2, 97, 197
Let y(r) = -92*r**3 + 53*r**2 + 335*r - 35. What are the prime factors of y(-6)?
5, 3947
Suppose 10*d - 1898 - 1653 - 7329 = 0. What are the prime factors of d?
2, 17
Suppose -60730 = -3*c - 2*s, -3*c + 28*s - 27*s = -60733. Suppose 9*j - 30*j = -c. List the prime factors of j.
2, 241
Let a be (8/2)/4*(2351 - 10). Let f = a + -1347. List the prime factors of f.
2, 7, 71
Let j = -7 - -10. Suppose j*q + 312 = 3*b, 240 = 3*b + 2*q - 52. Let f = b + -15. What are the prime factors of f?
5, 17
Let o(c) = 777*c - 299. List the prime factors of o(23).
2, 23, 191
Let z = 18 + -181. Let u = z + 254. List the prime factors of u.
7, 13
Let v(c) be the third derivative of -c**6/120 - c**5/10 - c**4/3 - c**3/3 + 6*c**2. Let k be v(-4). List the prime factors of 47/2 + k/(-4).
2, 3
What are the prime factors of 1*-145*50/(-250)*(0 - -879)?
3, 29, 293
Let n(d) = -d**3 - d**2 + 2*d - 7. Let l be n(-3). Let s(x) = -3*x + 18. Let w be s(l). Suppose -45 = -w*a + 2*a. List the prime factors of a.
3, 5
Let p = 397 - 270. Suppose -139*r = -p*r - 6624. What are the prime factors of r?
2, 3, 23
Let u = -553 - -561. List the prime factors of u/((-72)/117)*-121.
11, 13
Suppose 230*u = 231*u - 7. Let g(v) = 5*v + 99. List the prime factors of g(u).
2, 67
Let q(j) = -6*j**2 + 55*j**2 + 5*j - 307 + 300. Suppose -4*l + 6 + 2 = 0. List the prime factors of q(l).
199
Let l = 52301 + -34666. List the prime factors of l.
5, 3527
Let x(q) = -2*q + 30. Suppose 0 = 11*g - 88 - 66. Let t be x(g). Suppose 0*n = -a + 4*n + 76, t*n - 268 = -4*a. What are the prime factors of a?
2, 17
Suppose -3*r + 36331 = -6574 - 15649. What are the prime factors of r?
2, 3, 3253
Let p be 103 + (-1)/(2/4). Suppose 0 = -77*z + 71*z + 24. Suppose -5*w + z = -p. List the prime factors of w.
3, 7
Let q be ((-18)/4)/((-2)/4). Let v = 6168 + -6164. Suppose -5*r + 3*w + 1095 = 0, 0 = v*r - 10*w + q*w - 883. List the prime factors of r.
2, 3, 37
Let g be 19*(128 + 30/(-6)). Suppose 19*h = -g + 11628. What are the prime factors of h?
3, 163
Suppose -6*l + 19 = -11. Suppose 15 = 5*s, l*i - 11 = 2*s + s. Suppose 5*a = i*a + 86. List the prime factors of a.
2, 43
Let n = -1431 - -8569. What are the prime factors of n?
2, 43, 83
Let n = 2320 - 924. Let p = 2258 - n. List the prime factors of p.
2, 431
Let d be (1/3 - 1)*(-300)/(-20). What are the prime factors of 16/d + 1 - 10590/(-25)?
3, 47
Let r = 73 - 63. Suppose 2*s + 3*s = -r. What are the prime factors of 152 - (s - (-6)/(-3))?
2, 3, 1